{"id":10,"date":"2022-05-02T19:42:22","date_gmt":"2022-05-02T19:42:22","guid":{"rendered":"http:\/\/gremiodasmusicas.org\/?page_id=10"},"modified":"2022-05-02T19:42:23","modified_gmt":"2022-05-02T19:42:23","slug":"contacto","status":"publish","type":"page","link":"https:\/\/gremiodasmusicas.org\/?page_id=10","title":{"rendered":"Contacto"},"content":{"rendered":"\n<p>c\/o Z\u00e9 Eduardo<br>Associa\u00e7\u00e3o Gr\u00e9mio das M\u00fasicas<br>S\u00edtio dos Gorj\u00f5es<br>CP 752<br>Santa B\u00e1rbara de Nexe<br>8005-488 Faro<\/p>\n","protected":false},"excerpt":{"rendered":"<p>c\/o Z\u00e9 EduardoAssocia\u00e7\u00e3o Gr\u00e9mio das M\u00fasicasS\u00edtio dos Gorj\u00f5esCP 752Santa B\u00e1rbara de Nexe8005-488 Faro<\/p>\n","protected":false},"author":1,"featured_media":0,"parent":0,"menu_order":0,"comment_status":"closed","ping_status":"closed","template":"","meta":[],"_links":{"self":[{"href":"https:\/\/gremiodasmusicas.org\/index.php?rest_route=\/wp\/v2\/pages\/10"}],"collection":[{"href":"https:\/\/gremiodasmusicas.org\/index.php?rest_route=\/wp\/v2\/pages"}],"about":[{"href":"https:\/\/gremiodasmusicas.org\/index.php?rest_route=\/wp\/v2\/types\/page"}],"author":[{"embeddable":true,"href":"https:\/\/gremiodasmusicas.org\/index.php?rest_route=\/wp\/v2\/users\/1"}],"replies":[{"embeddable":true,"href":"https:\/\/gremiodasmusicas.org\/index.php?rest_route=%2Fwp%2Fv2%2Fcomments&post=10"}],"version-history":[{"count":1,"href":"https:\/\/gremiodasmusicas.org\/index.php?rest_route=\/wp\/v2\/pages\/10\/revisions"}],"predecessor-version":[{"id":16,"href":"https:\/\/gremiodasmusicas.org\/index.php?rest_route=\/wp\/v2\/pages\/10\/revisions\/16"}],"wp:attachment":[{"href":"https:\/\/gremiodasmusicas.org\/index.php?rest_route=%2Fwp%2Fv2%2Fmedia&parent=10"}],"curies":[{"name":"wp","href":"https:\/\/api.w.org\/{rel}","templated":true}]}}

<p>c/o Zé Eduardo<br>Associação Grémio das Músicas<br>Sítio dos Gorjões<br>CP 752<br>Santa Bárbara de Nexe<br>8005-488 Faro</p>

<p>c/o Zé EduardoAssociação Grémio das MúsicasSítio dos GorjõesCP 752Santa Bárbara de Nexe8005-488 Faro</p>
