{"id":6,"date":"2022-05-02T19:38:10","date_gmt":"2022-05-02T19:38:10","guid":{"rendered":"http:\/\/gremiodasmusicas.org\/?page_id=6"},"modified":"2022-05-02T19:38:12","modified_gmt":"2022-05-02T19:38:12","slug":"associacao-gremio-das-musicas-home","status":"publish","type":"page","link":"https:\/\/gremiodasmusicas.org\/","title":{"rendered":"Associa\u00e7\u00e3o Gr\u00e9mio das M\u00fasicas, Home"},"content":{"rendered":"\n<figure class=\"wp-block-image size-large\"><img loading=\"lazy\" width=\"1024\" height=\"683\" src=\"http:\/\/gremiodasmusicas.org\/wp-content\/uploads\/2022\/05\/shutterstock_1886570575.0-1024x683.jpg\" alt=\"\" class=\"wp-image-12\" srcset=\"https:\/\/gremiodasmusicas.org\/wp-content\/uploads\/2022\/05\/shutterstock_1886570575.0-1024x683.jpg 1024w, https:\/\/gremiodasmusicas.org\/wp-content\/uploads\/2022\/05\/shutterstock_1886570575.0-300x200.jpg 300w, https:\/\/gremiodasmusicas.org\/wp-content\/uploads\/2022\/05\/shutterstock_1886570575.0-768x512.jpg 768w, https:\/\/gremiodasmusicas.org\/wp-content\/uploads\/2022\/05\/shutterstock_1886570575.0.jpg 1200w\" sizes=\"(max-width: 980px) 100vw, 980px\" \/><\/figure>\n\n\n\n<p><strong>Miss\u00e3o<\/strong><\/p>\n\n\n\n<p>Escrito por Z\u00e9 Eduardo<br>A Associa\u00e7\u00e3o Gr\u00e9mio das M\u00fasicas (AGM) desenvolve, desde 2001, importante actividade como entidade de programa\u00e7\u00e3o e forma\u00e7\u00e3o, tanto com o apoio da DGArtes como gerando receitas autonomamente. A actua\u00e7\u00e3o da AGM est\u00e1 atenta \u00e0s necessidades culturais e formativas da regi\u00e3o do Algarve. A prioridade da actua\u00e7\u00e3o da AGM \u00e9 a forma\u00e7\u00e3o e programa\u00e7\u00e3o na \u00e1rea do Jazz e M\u00fasica Moderna, \u00e1rea onde \u00e9 escassa ou nula a oferta de oportunidades sem intuitos lucrativos.<\/p>\n\n\n\n<p>Os workshops e masterclasses organizados periodicamente contribuem para a cria\u00e7\u00e3o de p\u00fablicos e a atrac\u00e7\u00e3o de novos entusiastas que acedem aos Ciclos Formativos e outros eventos AGM. Dado o seu prest\u00edgio e know-how nesta \u00e1rea a AGM estabeleceu parcerias importantes com a Universidade do Algarve (CIAC-UAlg, Ci\u00eancias da Comunica\u00e7\u00e3o, Estudos Art\u00edsticos) ao abrigo do Protocolo em vigor AGM\/CIAC-UAlg, especialmente adequado \u00e0 forma\u00e7\u00e3o de professores do Ensino B\u00e1sico e Secund\u00e1rio; e, mais recentemente, com a Escola das Artes de Sines, a \u00fanica escola a sul do Tejo a oferecer estudos continuados de Jazz e M\u00fasica Moderna, de n\u00edvel m\u00e9dio.<\/p>\n\n\n\n<p>Como complemento a estas actividades a AGM organiza workshops um pouco por toda a geografia nacional deitando m\u00e3o ao leque de prestigiados m\u00fasicos-formadores que com ela colaboram h\u00e1 v\u00e1rios anos. Quando as circunst\u00e2ncias o permitem s\u00e3o organizados Ciclos de Concertos de Jazz sempre seguidos de workshops e\/ou masterclasses, privilegiando os circuitos n\u00e3o comerciais.<\/p>\n\n\n\n<p>A ac\u00e7\u00e3o continuada da AGM no Algarve est\u00e1 virada \u00e0 cria\u00e7\u00e3o de novos executantes e \u00e0 cria\u00e7\u00e3o de p\u00fablicos esclarecidos na \u00e1rea do Jazz e M\u00fasica Moderna.<br>Estrat\u00e9gia de Desenvolvimento: Continuar com a prossecuss\u00e3o das tarefas de forma\u00e7\u00e3o e programa\u00e7\u00e3o de Jazz em formatos desprovidos de intuitos lucrativos, tal como compete a uma institui\u00e7\u00e3o apoiada pelo Minist\u00e9rio da Cultura, com as caracter\u00edsticas da AGM.<\/p>\n\n\n\n<p>A AGM tem como norma, sempre que poss\u00edvel, incentivar a apresenta\u00e7\u00e3o p\u00fablica dos formandos e professores que integram as suas actividades sempre que consegue encontrar um parceiro adequado, ficando a cargo deste a organiza\u00e7\u00e3o de um pequeno espect\u00e1culo que promove a divulga\u00e7\u00e3o do evento realizado.<\/p>\n\n\n\n<p>A AGM est\u00e1 inserida h\u00e1 10 anos no tecido social da cidade de Faro e do Sotavento Algarvio em particular. Os seus servi\u00e7os na \u00e1rea da forma\u00e7\u00e3o do Jazz e da m\u00fasica moderna s\u00e3o frequente e repetidamente requisitados pela comunidade.<br>Os concertos que os m\u00fasicos formadores desta associa\u00e7\u00e3o realizam no territ\u00f3rio nacional e no estrangeiro projectam o nome da AGM muito para al\u00e9m da regi\u00e3o onde se encontra inserida.<\/p>\n\n\n\n<p>A AGM utliza como meios de divulga\u00e7\u00e3o principais o seu portal (www.gremiodasmusicas.org) que registou um acesso de 12 608 visitas ao longo do ano de 2009 e a sua mailing list. \u00c9 de referir que este portal cont\u00e9m de longe a maior quantidade nacional de conte\u00fados multim\u00e9dia, sobre a tem\u00e1tica do ensino do jazz, arquivo este sempre em crescimento e composto por v\u00eddeos todos eles de produ\u00e7\u00e3o pr\u00f3pria. Desde 2008 que o portal da AGM \u00e9 a aposta principal da sua estrat\u00e9gia de divulga\u00e7\u00e3o, n\u00e3o s\u00f3 pela economia de meios, como tamb\u00e9m numa estrat\u00e9gia global de comunica\u00e7\u00e3o online em vertiginoso crescimento. Outros meios de divulga\u00e7\u00e3o utilizados pela AGM s\u00e3o os cartazes e a divulga\u00e7\u00e3o nos meios de comunica\u00e7\u00e3o regionais nomeadamente imprensa escrita, r\u00e1dios e televis\u00f5es. Os exemplares destes materiais de divulga\u00e7\u00e3o encontram-se inclu\u00eddos nos Anexos.<\/p>\n\n\n\n<p>A AGM tem v\u00e1rias parcerias com diferentes entidades, tanto a n\u00edvel regional como a n\u00edvel nacional, entre as quais se destacam: Escola das Artes de Sines (EAS), protocolo iniciado em 2008 e renovado em 2009, que deu origem a v\u00e1rias actividades formativas enumeradas nos Anexos; o Centro de Investiga\u00e7\u00e3o das Artes e Comunica\u00e7\u00e3o da Universidade do Algarve (CIAC &#8211; UAlg), protocolo em vigor desde 2004; parceria com a Associa\u00e7\u00e3o Recreativa e Cultural dos M\u00fasicos de Faro, em vigor desde 2004 e parceria com a Sociedade Recreativa Art\u00edstica Farense &#8211; Os Artistas, em vigor desde 2004, ambas para a utiliza\u00e7\u00e3o de espa\u00e7os para forma\u00e7\u00f5es.<\/p>\n\n\n\n<p>A AGM foi formalmente criada em Novembro de 1999 &#8211; sob os ausp\u00edcios da Associa\u00e7\u00e3o Filarm\u00f3nica de Faro &#8211; com a denomina\u00e7\u00e3o social de &#8220;Associa\u00e7\u00e3o Jazz na Filarm\u00f3nica&#8221;, tendo ent\u00e3o, como principal objectivo, a manuten\u00e7\u00e3o de uma Big Band de Jazz. Sem qualquer apoio oficial e votada ao esquecimento, em Mar\u00e7o de 2000 e depois de 5 \u00e1rduos anos de trabalho solit\u00e1rio, foi inevit\u00e1vel a dissolu\u00e7\u00e3o desta orquestra.<\/p>\n\n\n\n<p>Por candidatura apresentada em 2000 ao Minist\u00e9rio da Cultura atrav\u00e9s dos concursos do IA, foi-nos atribu\u00eddo nesse ano um financiamento de cerca de 90.000 euros para a realiza\u00e7\u00e3o, num prazo de dois anos, do que foi o programa &#8220;Algarve em Jazz 2001\/2002&#8221;, que consistiu na organiza\u00e7\u00e3o criteriosa de concertos e workshops, faseados, a realizar por todo o Algarve.<\/p>\n\n\n\n<p>Este ambicioso programa encontrou eco junto da C\u00e2mara Municipal de Tavira, com quem trabalh\u00e1mos de 2001 a 2006. Os workshops anuais &#8220;Tavira em Jazz&#8221;, com uma m\u00e9dia de 90 alunos e sete professores norte-americanos foram um marco cultural incontorn\u00e1vel, com repercuss\u00e3o a n\u00edvel de toda a Pen\u00ednsula Ib\u00e9rica. Paralelamente, a AGM tem tamb\u00e9m vindo a realizar o workshop &#8220;Jazz no Inverno&#8221;, com a colabora\u00e7\u00e3o do Munic\u00edpio de Faro e numerosos eventos formativos dentro das mais variadas \u00e1reas da produ\u00e7\u00e3o musical.<\/p>\n\n\n\n<p>A partir de 2003, atrav\u00e9s da renova\u00e7\u00e3o dos Protocolos de Apoio Sustentado com o IA\/MC, a AGM mant\u00e9m assim um programa regular de forma\u00e7\u00f5es e um conjunto de ac\u00e7\u00f5es tendentes a dinamizar o panorama musical algarvio: a projec\u00e7\u00e3o dos grupos de alunos tanto no mercado de trabalho como nos mais diversos certames, a organiza\u00e7\u00e3o de eventos musicais, grava\u00e7\u00f5es, etc. Em parceria com a Companhia de Teatro do Algarve (ACTA) a AGM tem desenvolvido intensa actividade criativa e formativa bem como com o Cineclube de Faro com o projecto &#8220;Os garotos de Charlot&#8221;.<\/p>\n\n\n\n<p>No campo da edi\u00e7\u00e3o discogr\u00e1fica a AGM produz projectos pr\u00f3prios, gravando e editando trabalhos dos seus formandos e, mais recentemente, em parceria com a etiqueta Trem Azul\/Clean Feed os CDs &#8220;A Jazzar no Zeca&#8221;, &#8220;Singin to a Bee&#8221; de Will Holshouser Trio, os &#8220;TECK String Quartet&#8221;, &#8220;Bad Guys&#8221;, etc. Alguns destes trabalhos foram gravados ao vivo no Teatro Lethes, em Faro.<\/p>\n","protected":false},"excerpt":{"rendered":"<p>Miss\u00e3o Escrito por Z\u00e9 EduardoA Associa\u00e7\u00e3o Gr\u00e9mio das M\u00fasicas (AGM) desenvolve, desde 2001, importante actividade como entidade de programa\u00e7\u00e3o e forma\u00e7\u00e3o, tanto com o apoio da DGArtes como gerando receitas autonomamente. A actua\u00e7\u00e3o da AGM est\u00e1 atenta \u00e0s necessidades culturais e formativas da regi\u00e3o do Algarve. A prioridade da actua\u00e7\u00e3o da AGM \u00e9 a forma\u00e7\u00e3o [&hellip;]<\/p>\n","protected":false},"author":1,"featured_media":0,"parent":0,"menu_order":0,"comment_status":"closed","ping_status":"closed","template":"","meta":[],"_links":{"self":[{"href":"https:\/\/gremiodasmusicas.org\/index.php?rest_route=\/wp\/v2\/pages\/6"}],"collection":[{"href":"https:\/\/gremiodasmusicas.org\/index.php?rest_route=\/wp\/v2\/pages"}],"about":[{"href":"https:\/\/gremiodasmusicas.org\/index.php?rest_route=\/wp\/v2\/types\/page"}],"author":[{"embeddable":true,"href":"https:\/\/gremiodasmusicas.org\/index.php?rest_route=\/wp\/v2\/users\/1"}],"replies":[{"embeddable":true,"href":"https:\/\/gremiodasmusicas.org\/index.php?rest_route=%2Fwp%2Fv2%2Fcomments&post=6"}],"version-history":[{"count":1,"href":"https:\/\/gremiodasmusicas.org\/index.php?rest_route=\/wp\/v2\/pages\/6\/revisions"}],"predecessor-version":[{"id":13,"href":"https:\/\/gremiodasmusicas.org\/index.php?rest_route=\/wp\/v2\/pages\/6\/revisions\/13"}],"wp:attachment":[{"href":"https:\/\/gremiodasmusicas.org\/index.php?rest_route=%2Fwp%2Fv2%2Fmedia&parent=6"}],"curies":[{"name":"wp","href":"https:\/\/api.w.org\/{rel}","templated":true}]}}

Associação Grémio das Músicas, Home

<figure class="wp-block-image size-large"><img loading="lazy" width="1024" height="683" src="http://gremiodasmusicas.org/wp-content/uploads/2022/05/shutterstock_1886570575.0-1024x683.jpg" alt="" class="wp-image-12" srcset="https://gremiodasmusicas.org/wp-content/uploads/2022/05/shutterstock_1886570575.0-1024x683.jpg 1024w, https://gremiodasmusicas.org/wp-content/uploads/2022/05/shutterstock_1886570575.0-300x200.jpg 300w, https://gremiodasmusicas.org/wp-content/uploads/2022/05/shutterstock_1886570575.0-768x512.jpg 768w, https://gremiodasmusicas.org/wp-content/uploads/2022/05/shutterstock_1886570575.0.jpg 1200w" sizes="(max-width: 980px) 100vw, 980px" /></figure>



<p><strong>Missão</strong></p>



<p>Escrito por Zé Eduardo<br>A Associação Grémio das Músicas (AGM) desenvolve, desde 2001, importante actividade como entidade de programação e formação, tanto com o apoio da DGArtes como gerando receitas autonomamente. A actuação da AGM está atenta às necessidades culturais e formativas da região do Algarve. A prioridade da actuação da AGM é a formação e programação na área do Jazz e Música Moderna, área onde é escassa ou nula a oferta de oportunidades sem intuitos lucrativos.</p>



<p>Os workshops e masterclasses organizados periodicamente contribuem para a criação de públicos e a atracção de novos entusiastas que acedem aos Ciclos Formativos e outros eventos AGM. Dado o seu prestígio e know-how nesta área a AGM estabeleceu parcerias importantes com a Universidade do Algarve (CIAC-UAlg, Ciências da Comunicação, Estudos Artísticos) ao abrigo do Protocolo em vigor AGM/CIAC-UAlg, especialmente adequado à formação de professores do Ensino Básico e Secundário; e, mais recentemente, com a Escola das Artes de Sines, a única escola a sul do Tejo a oferecer estudos continuados de Jazz e Música Moderna, de nível médio.</p>



<p>Como complemento a estas actividades a AGM organiza workshops um pouco por toda a geografia nacional deitando mão ao leque de prestigiados músicos-formadores que com ela colaboram há vários anos. Quando as circunstâncias o permitem são organizados Ciclos de Concertos de Jazz sempre seguidos de workshops e/ou masterclasses, privilegiando os circuitos não comerciais.</p>



<p>A acção continuada da AGM no Algarve está virada à criação de novos executantes e à criação de públicos esclarecidos na área do Jazz e Música Moderna.<br>Estratégia de Desenvolvimento: Continuar com a prossecussão das tarefas de formação e programação de Jazz em formatos desprovidos de intuitos lucrativos, tal como compete a uma instituição apoiada pelo Ministério da Cultura, com as características da AGM.</p>



<p>A AGM tem como norma, sempre que possível, incentivar a apresentação pública dos formandos e professores que integram as suas actividades sempre que consegue encontrar um parceiro adequado, ficando a cargo deste a organização de um pequeno espectáculo que promove a divulgação do evento realizado.</p>



<p>A AGM está inserida há 10 anos no tecido social da cidade de Faro e do Sotavento Algarvio em particular. Os seus serviços na área da formação do Jazz e da música moderna são frequente e repetidamente requisitados pela comunidade.<br>Os concertos que os músicos formadores desta associação realizam no território nacional e no estrangeiro projectam o nome da AGM muito para além da região onde se encontra inserida.</p>



<p>A AGM utliza como meios de divulgação principais o seu portal (www.gremiodasmusicas.org) que registou um acesso de 12 608 visitas ao longo do ano de 2009 e a sua mailing list. É de referir que este portal contém de longe a maior quantidade nacional de conteúdos multimédia, sobre a temática do ensino do jazz, arquivo este sempre em crescimento e composto por vídeos todos eles de produção própria. Desde 2008 que o portal da AGM é a aposta principal da sua estratégia de divulgação, não só pela economia de meios, como também numa estratégia global de comunicação online em vertiginoso crescimento. Outros meios de divulgação utilizados pela AGM são os cartazes e a divulgação nos meios de comunicação regionais nomeadamente imprensa escrita, rádios e televisões. Os exemplares destes materiais de divulgação encontram-se incluídos nos Anexos.</p>



<p>A AGM tem várias parcerias com diferentes entidades, tanto a nível regional como a nível nacional, entre as quais se destacam: Escola das Artes de Sines (EAS), protocolo iniciado em 2008 e renovado em 2009, que deu origem a várias actividades formativas enumeradas nos Anexos; o Centro de Investigação das Artes e Comunicação da Universidade do Algarve (CIAC &#8211; UAlg), protocolo em vigor desde 2004; parceria com a Associação Recreativa e Cultural dos Músicos de Faro, em vigor desde 2004 e parceria com a Sociedade Recreativa Artística Farense &#8211; Os Artistas, em vigor desde 2004, ambas para a utilização de espaços para formações.</p>



<p>A AGM foi formalmente criada em Novembro de 1999 &#8211; sob os auspícios da Associação Filarmónica de Faro &#8211; com a denominação social de &#8220;Associação Jazz na Filarmónica&#8221;, tendo então, como principal objectivo, a manutenção de uma Big Band de Jazz. Sem qualquer apoio oficial e votada ao esquecimento, em Março de 2000 e depois de 5 árduos anos de trabalho solitário, foi inevitável a dissolução desta orquestra.</p>



<p>Por candidatura apresentada em 2000 ao Ministério da Cultura através dos concursos do IA, foi-nos atribuído nesse ano um financiamento de cerca de 90.000 euros para a realização, num prazo de dois anos, do que foi o programa &#8220;Algarve em Jazz 2001/2002&#8221;, que consistiu na organização criteriosa de concertos e workshops, faseados, a realizar por todo o Algarve.</p>



<p>Este ambicioso programa encontrou eco junto da Câmara Municipal de Tavira, com quem trabalhámos de 2001 a 2006. Os workshops anuais &#8220;Tavira em Jazz&#8221;, com uma média de 90 alunos e sete professores norte-americanos foram um marco cultural incontornável, com repercussão a nível de toda a Península Ibérica. Paralelamente, a AGM tem também vindo a realizar o workshop &#8220;Jazz no Inverno&#8221;, com a colaboração do Município de Faro e numerosos eventos formativos dentro das mais variadas áreas da produção musical.</p>



<p>A partir de 2003, através da renovação dos Protocolos de Apoio Sustentado com o IA/MC, a AGM mantém assim um programa regular de formações e um conjunto de acções tendentes a dinamizar o panorama musical algarvio: a projecção dos grupos de alunos tanto no mercado de trabalho como nos mais diversos certames, a organização de eventos musicais, gravações, etc. Em parceria com a Companhia de Teatro do Algarve (ACTA) a AGM tem desenvolvido intensa actividade criativa e formativa bem como com o Cineclube de Faro com o projecto &#8220;Os garotos de Charlot&#8221;.</p>



<p>No campo da edição discográfica a AGM produz projectos próprios, gravando e editando trabalhos dos seus formandos e, mais recentemente, em parceria com a etiqueta Trem Azul/Clean Feed os CDs &#8220;A Jazzar no Zeca&#8221;, &#8220;Singin to a Bee&#8221; de Will Holshouser Trio, os &#8220;TECK String Quartet&#8221;, &#8220;Bad Guys&#8221;, etc. Alguns destes trabalhos foram gravados ao vivo no Teatro Lethes, em Faro.</p>

<p>Missão Escrito por Zé EduardoA Associação Grémio das Músicas (AGM) desenvolve, desde 2001, importante actividade como entidade de programação e formação, tanto com o apoio da DGArtes como gerando receitas autonomamente. A actuação da AGM está atenta às necessidades culturais e formativas da região do Algarve. A prioridade da actuação da AGM é a formação [&hellip;]</p>
