{"id":7,"date":"2022-05-02T19:39:51","date_gmt":"2022-05-02T19:39:51","guid":{"rendered":"http:\/\/gremiodasmusicas.org\/?page_id=7"},"modified":"2022-05-02T19:39:52","modified_gmt":"2022-05-02T19:39:52","slug":"historico-archive","status":"publish","type":"page","link":"https:\/\/gremiodasmusicas.org\/?page_id=7","title":{"rendered":"HIST\u00d3RICO &#8211; Archive"},"content":{"rendered":"\n<figure class=\"wp-block-table\"><table><thead><tr><th><a href=\"javascript:tableOrdering('a.dates','desc','');\">Data<\/a><\/th><th><a href=\"javascript:tableOrdering('a.title','desc','');\">Artista | Evento<\/a><\/th><th><a href=\"javascript:tableOrdering('l.venue','desc','');\">Sala | Espa\u00e7o<\/a><\/th><th><a href=\"javascript:tableOrdering('l.city','desc','');\">Localidade<\/a><\/th><\/tr><\/thead><tbody><tr><td><strong>05.06.2008<\/strong><br>15:00 &#8211; 17:00<\/td><td>As Ci\u00eancias da Comunica\u00e7\u00e3o e o Jazz<\/td><td>Universidade do Algarve<\/td><td>Faro<\/td><\/tr><tr><td><strong>06.06.2008<\/strong><br>22:30 &#8211; 23:50<\/td><td>Z\u00e9 Eduardo, Manuela Lopes, Vasco Agostinho, S\u00f3nia Cabrita<\/td><td>Centro de Artes de Sines<\/td><td>Sines<\/td><\/tr><tr><td><strong>22.06.2008<\/strong><br>15:00 &#8211; 18:00<\/td><td>J.D.Walter<\/td><td>Est\u00fadios ACTA<\/td><td>Faro<\/td><\/tr><tr><td><strong>28.06.2008<\/strong><br>21:00 &#8211; 23:00<\/td><td>Z\u00e9 Eduardo Unit &#8211; Festival Sines em Jazz<\/td><td>Centro de Artes de Sines<\/td><td>Sines<\/td><\/tr><tr><td><strong>24.07.2008<\/strong><br>11:30 &#8211; 13:00<\/td><td>Z\u00e9 Eduardo &#8211; Masterclass<\/td><td>Escola das Artes de Sines<\/td><td>Sines<\/td><\/tr><tr><td><strong>28.07.2008<\/strong><br>16:00<\/td><td>Music Academy Online recebe Z\u00e9 Eduardo<\/td><td>Music Academy Online<\/td><td>&#8211;<\/td><\/tr><tr><td><strong>07.08.2008<\/strong><br>15:00 &#8211; 18:00<\/td><td>A Jazzar no Ver\u00e3o<\/td><td>Associa\u00e7\u00e3o Filarm\u00f3nica de Faro<\/td><td>Faro<\/td><\/tr><tr><td><strong>08.08.2008<\/strong><br>15:00 &#8211; 18:00<\/td><td>A Jazzar no Ver\u00e3o<\/td><td>Associa\u00e7\u00e3o Filarm\u00f3nica de Faro<\/td><td>Faro<\/td><\/tr><tr><td><strong>21.08.2008<\/strong><br>08:00 &#8211; 22:00<\/td><td>I Resid\u00eancia Art\u00edstica AGM 2008<\/td><td>Associa\u00e7\u00e3o Gr\u00e9mio das M\u00fasicas delega\u00e7\u00e3o de Sines<\/td><td>Sines<\/td><\/tr><tr><td><strong>27.08.2008<\/strong><br>22:00 &#8211; 23:30<\/td><td>Z\u00e9 Eduardo Unit &#8211; a JAZZAR \u00e9 que a gente se entende<\/td><td>Olh\u00e3o<\/td><td>Olh\u00e3o<\/td><\/tr><tr><td><strong>02.09.2008 &#8211; 05.09.2008<\/strong><br>08:00 &#8211; 22:00<\/td><td>II Resid\u00eancia Art\u00edstica AGM 2008, Funk Music &#8211; origens e evolu\u00e7\u00e3o<\/td><td>Associa\u00e7\u00e3o Gr\u00e9mio das M\u00fasicas delega\u00e7\u00e3o de Sines<\/td><td>Sines<\/td><\/tr><tr><td><strong>11.09.2008 &#8211; 14.09.2008<\/strong><br>21:30 &#8211; 00:00<\/td><td>VI Festival de Jazz de Albufeira<\/td><td>Audit\u00f3rio Municipal de Albufeira<\/td><td>Albufeira<\/td><\/tr><tr><td><strong>02.10.2008 &#8211; 06.10.2008<\/strong><br>16:00 &#8211; 00:00<\/td><td>AngraJazz 2008<\/td><td>Centro Cultural e Congressos de Angra do Hero\u00edsmo<\/td><td>Angra do Hero\u00edsmo<\/td><\/tr><tr><td><strong>09.10.2008<\/strong><br>14:30 &#8211; 16:30<\/td><td>Resid\u00eancia Artist\u00edca AGM III &#8211; Lyrics Writing Masterclass<\/td><td>Centro de Artes de Sines<\/td><td>Sines<\/td><\/tr><tr><td><strong>10.10.2008 &#8211; 11.10.2008<\/strong><\/td><td>Resid\u00eancia Artist\u00edca AGM III &#8211; Lyrics Writing Masterclass<\/td><td>&#8211;<\/td><td>&#8211;<\/td><\/tr><tr><td><strong>11.10.2008<\/strong><br>22:00 &#8211; 23:30<\/td><td>Z\u00e9 Eduardo Unit &#8211; a JAZZAR \u00e9 que a gente se entende<\/td><td>Convento dos Capuchos<\/td><td>Almada<\/td><\/tr><tr><td><strong>26.10.2008<\/strong><br>16:00 &#8211; 19:00<\/td><td>RIDD Quartet<\/td><td>Associa\u00e7\u00e3o Filarm\u00f3nica de Faro<\/td><td>Faro<\/td><\/tr><tr><td><strong>08.11.2008<\/strong><br>21:30 &#8211; 23:00<\/td><td>Be &amp; Bop &#8211; Z\u00e9 Eduardo &amp; Manuela Lopes<\/td><td>Cinema Teatro Joaquim D&#8217; Almeida<\/td><td>Montijo<\/td><\/tr><tr><td><strong>21.11.2008<\/strong><br>21:00 &#8211; 23:00<\/td><td>Z\u00e9 Eduardo Unit &#8211; a JAZZAR \u00e9 que a gente se entende<\/td><td>Centro Cutural de Cascais<\/td><td>Cascais<\/td><\/tr><tr><td><strong>22.11.2008<\/strong><br>12:00 &#8211; 16:00<\/td><td>Z\u00e9 Eduardo Unit &#8211; a JAZZAR \u00e9 que a gente se entende<\/td><td>Centro Cutural de Cascais<\/td><td>Cascais<\/td><\/tr><tr><td><strong>04.12.2008<\/strong><br>21:00 &#8211; 22:30<\/td><td>Z\u00e9 Eduardo e Alberto Pinton, Clean Feed &#8211; Lisboa<\/td><td>Clean Feed\/Trem Azul<\/td><td>Lisboa<\/td><\/tr><tr><td><strong>05.12.2008<\/strong><br>21:30 &#8211; 23:00<\/td><td>Noites do Gr\u00e9mio &#8211; Jazz no Inverno 2008<\/td><td>Teatro Lethes<\/td><td>Faro<\/td><\/tr><tr><td><strong>06.12.2008<\/strong><br>15:00 &#8211; 18:00<\/td><td>Alberto Pinton &#8211; Workshop, Clean Feed (loja)<\/td><td>Clean Feed\/Trem Azul<\/td><td>Lisboa<\/td><\/tr><tr><td><strong>16.01.2009<\/strong><br>21:00 &#8211; 23:00<\/td><td>Z\u00e9 Eduardo Unit &#8211; a JAZZAR \u00e9 que a gente se entende<\/td><td>Forum metropolitano da Coru\u00f1a<\/td><td>Coru\u00f1a<\/td><\/tr><tr><td><strong>21.03.2009<\/strong><br>21:30 &#8211; 23:30<\/td><td>Divina Santa Cruz &#8211; Drumming GP<\/td><td>Casa da Musica<\/td><td>Porto<\/td><\/tr><tr><td><strong>02.05.2009<\/strong><br>21:30 &#8211; 23:30<\/td><td>Be &amp; Bop<\/td><td>Fund\u00e3o<\/td><td>Fund\u00e3o<\/td><\/tr><tr><td><strong>14.05.2009<\/strong><br>15:00 &#8211; 18:00<\/td><td>Paulo Gomes Quinteto c\/ Eric Vloeimans<\/td><td>Associa\u00e7\u00e3o Recreativa e Cultural de M\u00fasicos<\/td><td>Faro<\/td><\/tr><tr><td><strong>29.05.2009<\/strong><\/td><td>Jo\u00e3o Frade &#8211; AGM \/ Escola das Artes de Sines<\/td><td>Escola das Artes de Sines<\/td><td>Sines<\/td><\/tr><tr><td><strong>30.05.2009<\/strong><\/td><td>Jo\u00e3o Frade &#8211; AGM \/ Escola das Artes de Sines<\/td><td>Centro de Artes de Sines<\/td><td>Sines<\/td><\/tr><tr><td><strong>18.06.2009<\/strong><br>15:00 &#8211; 18:00<\/td><td>Jeremy Pelt Quintet<\/td><td>Associa\u00e7\u00e3o Recreativa e Cultural de M\u00fasicos<\/td><td>Faro<\/td><\/tr><tr><td><strong>27.06.2009<\/strong><br>21:30 &#8211; 23:30<\/td><td>Z\u00e9 Eduardo Unit<\/td><td>Teatro S\u00e3o Luiz<\/td><td>Lisboa<\/td><\/tr><tr><td><strong>06.07.2009 &#8211; 10.07.2009<\/strong><br>11:00 &#8211; 20:00<\/td><td>XI Semin\u00e1rio Internacional de Jazz e M\u00fasica Latina<\/td><td>Palau de la M\u00fasica de Valencia<\/td><td>Valencia<\/td><\/tr><tr><td><strong>20.07.2009<\/strong><br>14:30 &#8211; 17:00<\/td><td>Z\u00e9 Eduardo &#8211; FMM<\/td><td>Escola das Artes de Sines<\/td><td>Sines<\/td><\/tr><tr><td><strong>08.08.2009<\/strong><br>21:30 &#8211; 23:00<\/td><td>Be &amp; Bop: Z\u00e9 Eduardo e Manuela Lopes<\/td><td>Coreto das Docas<\/td><td>Faro<\/td><\/tr><tr><td><strong>09.08.2009 &#8211; 11.08.2009<\/strong><br>09:00 &#8211; 17:00<\/td><td>Resid\u00eancia Art\u00edstica AGM IV &#8211; Parte I<\/td><td>Faro<\/td><td>Faro<\/td><\/tr><tr><td><strong>15.08.2009<\/strong><br>21:30 &#8211; 23:00<\/td><td>Be &amp; Bop &#8211; Z\u00e9 Eduardo &amp; Manuela Lopes<\/td><td>Clube de Tavira<\/td><td>Tavira<\/td><\/tr><tr><td><strong>16.08.2009 &#8211; 18.08.2009<\/strong><br>09:00 &#8211; 17:00<\/td><td>Resid\u00eancia Art\u00edstica AGM IV &#8211; Parte II<\/td><td>Faro<\/td><td>Faro<\/td><\/tr><tr><td><strong>22.08.2009<\/strong><br>19:00 &#8211; 21:30<\/td><td>Z\u00e9 Eduardo &#8220;Como ouvir Jazz&#8221;<\/td><td>Centro de Artes de Sines<\/td><td>Sines<\/td><\/tr><tr><td><strong>23.08.2009 &#8211; 25.08.2009<\/strong><br>09:00 &#8211; 17:00<\/td><td>Resid\u00eancia Art\u00edstica AGM IV &#8211; Parte III<\/td><td>Faro<\/td><td>Faro<\/td><\/tr><tr><td><strong>15.10.2009 &#8211; 18.10.2009<\/strong><\/td><td>Z\u00e9 Eduardo Unit<\/td><td>Festival de Jazz da Marinha Grande<\/td><td>Marinha Grande<\/td><\/tr><tr><td><strong>17.10.2009<\/strong><br>21:30 &#8211; 23:00<\/td><td>Z\u00e9 Eduardo Unit<\/td><td>Festival de Jazz da Marinha Grande<\/td><td>Marinha Grande<\/td><\/tr><tr><td><strong>19.10.2009 &#8211; 20.10.2009<\/strong><br>17:00 &#8211; 21:00<\/td><td>Jes\u00fas Santandreu<\/td><td>Associa\u00e7\u00e3o Recreativa e Cultural de M\u00fasicos<\/td><td>Faro<\/td><\/tr><tr><td><strong>21.10.2009 &#8211; 22.10.2009<\/strong><br>21:00 &#8211; 23:00<\/td><td>Z\u00e9 Eduardo Unit<\/td><td>Festival de Jazz do Seixal<\/td><td>Seixal<\/td><\/tr><tr><td><strong>07.11.2009<\/strong><br>15:00 &#8211; 18:00<\/td><td>Workshop de m\u00fasica de tradi\u00e7\u00e3o Mandinga<\/td><td>Associa\u00e7\u00e3o Recreativa e Cultural de M\u00fasicos<\/td><td>Faro<\/td><\/tr><tr><td><strong>08.11.2009<\/strong><br>11:00 &#8211; 13:00<\/td><td>Workshop de m\u00fasica de tradi\u00e7\u00e3o Mandinga<\/td><td>Associa\u00e7\u00e3o Recreativa e Cultural de M\u00fasicos<\/td><td>Faro<\/td><\/tr><tr><td><strong>05.12.2009<\/strong><br>21:00 &#8211; 23:00<\/td><td>Z\u00e9 Eduardo Unit + Jack Walrath \/Cascais Jazz<\/td><td>Audit\u00f3rio do Centro de Congressos do Estoril<\/td><td>Estoril<\/td><\/tr><tr><td><strong>10.12.2009<\/strong><br>15:00 &#8211; 18:00<\/td><td>Homenagem a Jos\u00e9 Duarte<\/td><td>Universidade Algarve<\/td><td>Faro<\/td><\/tr><tr><td><strong>10.12.2009<\/strong><br>21:00 &#8211; 23:00<\/td><td>Jantar de Homenagem a Jos\u00e9 Duarte<\/td><td>Restaurante O Gimbras<\/td><td>Faro<\/td><\/tr><tr><td><strong>10.12.2009<\/strong><br>22:00 &#8211; 23:00<\/td><td>flaJAZZados<\/td><td>Restaurante O Gimbras<\/td><td>Faro<\/td><\/tr><tr><td><strong>11.12.2009<\/strong><br>18:00 &#8211; 20:00<\/td><td>David Murray (Jazz no Inverno 2009 &#8211; Micro Festival)<\/td><td>Teatro Lethes<\/td><td>Faro<\/td><\/tr><\/tbody><\/table><\/figure>\n","protected":false},"excerpt":{"rendered":"<p>Data Artista | Evento Sala | Espa\u00e7o Localidade 05.06.200815:00 &#8211; 17:00 As Ci\u00eancias da Comunica\u00e7\u00e3o e o Jazz Universidade do Algarve Faro 06.06.200822:30 &#8211; 23:50 Z\u00e9 Eduardo, Manuela Lopes, Vasco Agostinho, S\u00f3nia Cabrita Centro de Artes de Sines Sines 22.06.200815:00 &#8211; 18:00 J.D.Walter Est\u00fadios ACTA Faro 28.06.200821:00 &#8211; 23:00 Z\u00e9 Eduardo Unit &#8211; Festival Sines [&hellip;]<\/p>\n","protected":false},"author":1,"featured_media":0,"parent":0,"menu_order":0,"comment_status":"closed","ping_status":"closed","template":"","meta":[],"_links":{"self":[{"href":"https:\/\/gremiodasmusicas.org\/index.php?rest_route=\/wp\/v2\/pages\/7"}],"collection":[{"href":"https:\/\/gremiodasmusicas.org\/index.php?rest_route=\/wp\/v2\/pages"}],"about":[{"href":"https:\/\/gremiodasmusicas.org\/index.php?rest_route=\/wp\/v2\/types\/page"}],"author":[{"embeddable":true,"href":"https:\/\/gremiodasmusicas.org\/index.php?rest_route=\/wp\/v2\/users\/1"}],"replies":[{"embeddable":true,"href":"https:\/\/gremiodasmusicas.org\/index.php?rest_route=%2Fwp%2Fv2%2Fcomments&post=7"}],"version-history":[{"count":1,"href":"https:\/\/gremiodasmusicas.org\/index.php?rest_route=\/wp\/v2\/pages\/7\/revisions"}],"predecessor-version":[{"id":14,"href":"https:\/\/gremiodasmusicas.org\/index.php?rest_route=\/wp\/v2\/pages\/7\/revisions\/14"}],"wp:attachment":[{"href":"https:\/\/gremiodasmusicas.org\/index.php?rest_route=%2Fwp%2Fv2%2Fmedia&parent=7"}],"curies":[{"name":"wp","href":"https:\/\/api.w.org\/{rel}","templated":true}]}}

HISTÓRICO &#8211; Archive

<figure class="wp-block-table"><table><thead><tr><th><a href="javascript:tableOrdering('a.dates','desc','');">Data</a></th><th><a href="javascript:tableOrdering('a.title','desc','');">Artista | Evento</a></th><th><a href="javascript:tableOrdering('l.venue','desc','');">Sala | Espaço</a></th><th><a href="javascript:tableOrdering('l.city','desc','');">Localidade</a></th></tr></thead><tbody><tr><td><strong>05.06.2008</strong><br>15:00 &#8211; 17:00</td><td>As Ciências da Comunicação e o Jazz</td><td>Universidade do Algarve</td><td>Faro</td></tr><tr><td><strong>06.06.2008</strong><br>22:30 &#8211; 23:50</td><td>Zé Eduardo, Manuela Lopes, Vasco Agostinho, Sónia Cabrita</td><td>Centro de Artes de Sines</td><td>Sines</td></tr><tr><td><strong>22.06.2008</strong><br>15:00 &#8211; 18:00</td><td>J.D.Walter</td><td>Estúdios ACTA</td><td>Faro</td></tr><tr><td><strong>28.06.2008</strong><br>21:00 &#8211; 23:00</td><td>Zé Eduardo Unit &#8211; Festival Sines em Jazz</td><td>Centro de Artes de Sines</td><td>Sines</td></tr><tr><td><strong>24.07.2008</strong><br>11:30 &#8211; 13:00</td><td>Zé Eduardo &#8211; Masterclass</td><td>Escola das Artes de Sines</td><td>Sines</td></tr><tr><td><strong>28.07.2008</strong><br>16:00</td><td>Music Academy Online recebe Zé Eduardo</td><td>Music Academy Online</td><td>&#8211;</td></tr><tr><td><strong>07.08.2008</strong><br>15:00 &#8211; 18:00</td><td>A Jazzar no Verão</td><td>Associação Filarmónica de Faro</td><td>Faro</td></tr><tr><td><strong>08.08.2008</strong><br>15:00 &#8211; 18:00</td><td>A Jazzar no Verão</td><td>Associação Filarmónica de Faro</td><td>Faro</td></tr><tr><td><strong>21.08.2008</strong><br>08:00 &#8211; 22:00</td><td>I Residência Artística AGM 2008</td><td>Associação Grémio das Músicas delegação de Sines</td><td>Sines</td></tr><tr><td><strong>27.08.2008</strong><br>22:00 &#8211; 23:30</td><td>Zé Eduardo Unit &#8211; a JAZZAR é que a gente se entende</td><td>Olhão</td><td>Olhão</td></tr><tr><td><strong>02.09.2008 &#8211; 05.09.2008</strong><br>08:00 &#8211; 22:00</td><td>II Residência Artística AGM 2008, Funk Music &#8211; origens e evolução</td><td>Associação Grémio das Músicas delegação de Sines</td><td>Sines</td></tr><tr><td><strong>11.09.2008 &#8211; 14.09.2008</strong><br>21:30 &#8211; 00:00</td><td>VI Festival de Jazz de Albufeira</td><td>Auditório Municipal de Albufeira</td><td>Albufeira</td></tr><tr><td><strong>02.10.2008 &#8211; 06.10.2008</strong><br>16:00 &#8211; 00:00</td><td>AngraJazz 2008</td><td>Centro Cultural e Congressos de Angra do Heroísmo</td><td>Angra do Heroísmo</td></tr><tr><td><strong>09.10.2008</strong><br>14:30 &#8211; 16:30</td><td>Residência Artistíca AGM III &#8211; Lyrics Writing Masterclass</td><td>Centro de Artes de Sines</td><td>Sines</td></tr><tr><td><strong>10.10.2008 &#8211; 11.10.2008</strong></td><td>Residência Artistíca AGM III &#8211; Lyrics Writing Masterclass</td><td>&#8211;</td><td>&#8211;</td></tr><tr><td><strong>11.10.2008</strong><br>22:00 &#8211; 23:30</td><td>Zé Eduardo Unit &#8211; a JAZZAR é que a gente se entende</td><td>Convento dos Capuchos</td><td>Almada</td></tr><tr><td><strong>26.10.2008</strong><br>16:00 &#8211; 19:00</td><td>RIDD Quartet</td><td>Associação Filarmónica de Faro</td><td>Faro</td></tr><tr><td><strong>08.11.2008</strong><br>21:30 &#8211; 23:00</td><td>Be &amp; Bop &#8211; Zé Eduardo &amp; Manuela Lopes</td><td>Cinema Teatro Joaquim D&#8217; Almeida</td><td>Montijo</td></tr><tr><td><strong>21.11.2008</strong><br>21:00 &#8211; 23:00</td><td>Zé Eduardo Unit &#8211; a JAZZAR é que a gente se entende</td><td>Centro Cutural de Cascais</td><td>Cascais</td></tr><tr><td><strong>22.11.2008</strong><br>12:00 &#8211; 16:00</td><td>Zé Eduardo Unit &#8211; a JAZZAR é que a gente se entende</td><td>Centro Cutural de Cascais</td><td>Cascais</td></tr><tr><td><strong>04.12.2008</strong><br>21:00 &#8211; 22:30</td><td>Zé Eduardo e Alberto Pinton, Clean Feed &#8211; Lisboa</td><td>Clean Feed/Trem Azul</td><td>Lisboa</td></tr><tr><td><strong>05.12.2008</strong><br>21:30 &#8211; 23:00</td><td>Noites do Grémio &#8211; Jazz no Inverno 2008</td><td>Teatro Lethes</td><td>Faro</td></tr><tr><td><strong>06.12.2008</strong><br>15:00 &#8211; 18:00</td><td>Alberto Pinton &#8211; Workshop, Clean Feed (loja)</td><td>Clean Feed/Trem Azul</td><td>Lisboa</td></tr><tr><td><strong>16.01.2009</strong><br>21:00 &#8211; 23:00</td><td>Zé Eduardo Unit &#8211; a JAZZAR é que a gente se entende</td><td>Forum metropolitano da Coruña</td><td>Coruña</td></tr><tr><td><strong>21.03.2009</strong><br>21:30 &#8211; 23:30</td><td>Divina Santa Cruz &#8211; Drumming GP</td><td>Casa da Musica</td><td>Porto</td></tr><tr><td><strong>02.05.2009</strong><br>21:30 &#8211; 23:30</td><td>Be &amp; Bop</td><td>Fundão</td><td>Fundão</td></tr><tr><td><strong>14.05.2009</strong><br>15:00 &#8211; 18:00</td><td>Paulo Gomes Quinteto c/ Eric Vloeimans</td><td>Associação Recreativa e Cultural de Músicos</td><td>Faro</td></tr><tr><td><strong>29.05.2009</strong></td><td>João Frade &#8211; AGM / Escola das Artes de Sines</td><td>Escola das Artes de Sines</td><td>Sines</td></tr><tr><td><strong>30.05.2009</strong></td><td>João Frade &#8211; AGM / Escola das Artes de Sines</td><td>Centro de Artes de Sines</td><td>Sines</td></tr><tr><td><strong>18.06.2009</strong><br>15:00 &#8211; 18:00</td><td>Jeremy Pelt Quintet</td><td>Associação Recreativa e Cultural de Músicos</td><td>Faro</td></tr><tr><td><strong>27.06.2009</strong><br>21:30 &#8211; 23:30</td><td>Zé Eduardo Unit</td><td>Teatro São Luiz</td><td>Lisboa</td></tr><tr><td><strong>06.07.2009 &#8211; 10.07.2009</strong><br>11:00 &#8211; 20:00</td><td>XI Seminário Internacional de Jazz e Música Latina</td><td>Palau de la Música de Valencia</td><td>Valencia</td></tr><tr><td><strong>20.07.2009</strong><br>14:30 &#8211; 17:00</td><td>Zé Eduardo &#8211; FMM</td><td>Escola das Artes de Sines</td><td>Sines</td></tr><tr><td><strong>08.08.2009</strong><br>21:30 &#8211; 23:00</td><td>Be &amp; Bop: Zé Eduardo e Manuela Lopes</td><td>Coreto das Docas</td><td>Faro</td></tr><tr><td><strong>09.08.2009 &#8211; 11.08.2009</strong><br>09:00 &#8211; 17:00</td><td>Residência Artística AGM IV &#8211; Parte I</td><td>Faro</td><td>Faro</td></tr><tr><td><strong>15.08.2009</strong><br>21:30 &#8211; 23:00</td><td>Be &amp; Bop &#8211; Zé Eduardo &amp; Manuela Lopes</td><td>Clube de Tavira</td><td>Tavira</td></tr><tr><td><strong>16.08.2009 &#8211; 18.08.2009</strong><br>09:00 &#8211; 17:00</td><td>Residência Artística AGM IV &#8211; Parte II</td><td>Faro</td><td>Faro</td></tr><tr><td><strong>22.08.2009</strong><br>19:00 &#8211; 21:30</td><td>Zé Eduardo &#8220;Como ouvir Jazz&#8221;</td><td>Centro de Artes de Sines</td><td>Sines</td></tr><tr><td><strong>23.08.2009 &#8211; 25.08.2009</strong><br>09:00 &#8211; 17:00</td><td>Residência Artística AGM IV &#8211; Parte III</td><td>Faro</td><td>Faro</td></tr><tr><td><strong>15.10.2009 &#8211; 18.10.2009</strong></td><td>Zé Eduardo Unit</td><td>Festival de Jazz da Marinha Grande</td><td>Marinha Grande</td></tr><tr><td><strong>17.10.2009</strong><br>21:30 &#8211; 23:00</td><td>Zé Eduardo Unit</td><td>Festival de Jazz da Marinha Grande</td><td>Marinha Grande</td></tr><tr><td><strong>19.10.2009 &#8211; 20.10.2009</strong><br>17:00 &#8211; 21:00</td><td>Jesús Santandreu</td><td>Associação Recreativa e Cultural de Músicos</td><td>Faro</td></tr><tr><td><strong>21.10.2009 &#8211; 22.10.2009</strong><br>21:00 &#8211; 23:00</td><td>Zé Eduardo Unit</td><td>Festival de Jazz do Seixal</td><td>Seixal</td></tr><tr><td><strong>07.11.2009</strong><br>15:00 &#8211; 18:00</td><td>Workshop de música de tradição Mandinga</td><td>Associação Recreativa e Cultural de Músicos</td><td>Faro</td></tr><tr><td><strong>08.11.2009</strong><br>11:00 &#8211; 13:00</td><td>Workshop de música de tradição Mandinga</td><td>Associação Recreativa e Cultural de Músicos</td><td>Faro</td></tr><tr><td><strong>05.12.2009</strong><br>21:00 &#8211; 23:00</td><td>Zé Eduardo Unit + Jack Walrath /Cascais Jazz</td><td>Auditório do Centro de Congressos do Estoril</td><td>Estoril</td></tr><tr><td><strong>10.12.2009</strong><br>15:00 &#8211; 18:00</td><td>Homenagem a José Duarte</td><td>Universidade Algarve</td><td>Faro</td></tr><tr><td><strong>10.12.2009</strong><br>21:00 &#8211; 23:00</td><td>Jantar de Homenagem a José Duarte</td><td>Restaurante O Gimbras</td><td>Faro</td></tr><tr><td><strong>10.12.2009</strong><br>22:00 &#8211; 23:00</td><td>flaJAZZados</td><td>Restaurante O Gimbras</td><td>Faro</td></tr><tr><td><strong>11.12.2009</strong><br>18:00 &#8211; 20:00</td><td>David Murray (Jazz no Inverno 2009 &#8211; Micro Festival)</td><td>Teatro Lethes</td><td>Faro</td></tr></tbody></table></figure>

<p>Data Artista | Evento Sala | Espaço Localidade 05.06.200815:00 &#8211; 17:00 As Ciências da Comunicação e o Jazz Universidade do Algarve Faro 06.06.200822:30 &#8211; 23:50 Zé Eduardo, Manuela Lopes, Vasco Agostinho, Sónia Cabrita Centro de Artes de Sines Sines 22.06.200815:00 &#8211; 18:00 J.D.Walter Estúdios ACTA Faro 28.06.200821:00 &#8211; 23:00 Zé Eduardo Unit &#8211; Festival Sines [&hellip;]</p>
